n base 12, what is -3 + 5a?
57
In base 13, what is 31 - 3?
2b
In base 11, what is a + -79?
-6a
In base 16, what is 11 - 4?
d
In base 8, what is -2 - -760?
756
In base 10, what is -9 + 58?
49
In base 7, what is 34 + -3?
31
In base 10, what is 4021 + -9?
4012
In base 12, what is -594 - -10?
-584
In base 4, what is -2102 + -113?
-2221
In base 15, what is 28 + -4?
24
In base 2, what is 10110101001 + -100?
10110100101
In base 16, what is 3f5 + a?
3ff
In base 5, what is -44124 - -11?
-44113
In base 9, what is -55 + -133?
-188
In base 2, what is -1010 + -1100111?
-1110001
In base 14, what is -3c + 17?
-25
In base 7, what is 1 - 151?
-150
In base 9, what is 5 - -1174?
1180
In base 4, what is -11 - 2011?
-2022
In base 9, what is 0 - -2117?
2117
In base 11, what is -5 - 186?
-190
In base 2, what is 10001000 - -100?
10001100
In base 10, what is 498 - -2?
500
In base 2, what is 111 + -10011011?
-10010100
In base 2, what is -10 - -10000111?
10000101
In base 8, what is 67 + 0?
67
In base 6, what is -2 - -10402?
10400
In base 15, what is -ee + 6?
-e8
In base 6, what is 1 - -5352?
5353
In base 8, what is -15132 + -3?
-15135
In base 15, what is 68 + 3?
6b
In base 4, what is -333 - 2?
-1001
In base 3, what is -200 + -210?
-1110
In base 11, what is 5123 - 2?
5121
In base 16, what is -1b7f + -3?
-1b82
In base 7, what is -2341 + 0?
-2341
In base 3, what is -1 + 12121221?
12121220
In base 5, what is -2 - 121?
-123
In base 5, what is 2 + 1321?
1323
In base 10, what is 145 - -65?
210
In base 14, what is b02 - 3?
add
In base 12, what is -2823 + 4?
-281b
In base 11, what is -3104 - 0?
-3104
In base 10, what is -2 + -414?
-416
In base 8, what is -5 - 554?
-561
In base 10, what is 0 + 389?
389
In base 12, what is -7 + -138?
-143
In base 7, what is -111 + -2?
-113
In base 3, what is 2220 + 12?
10002
In base 12, what is 27 + 2?
29
In base 7, what is 5 - -1410?
1415
In base 7, what is 30 - -1221?
1251
In base 3, what is -212 + 10121?
2202
In base 9, what is -151 + 108?
-42
In base 10, what is -146 - 33?
-179
In base 11, what is 1411 - 1?
1410
In base 13, what is 4 + -120?
-119
In base 3, what is -2220212 - 12?
-2221001
In base 10, what is -8520 + 3?
-8517
In base 9, what is -4 + 12?
7
In base 14, what is 3 + -337?
-334
In base 15, what is -5 + -1d?
-23
In base 9, what is -2 - 15?
-17
In base 6, what is -4 + -20500?
-20504
In base 14, what is -8 + -b?
-15
In base 2, what is -101011001101 - 11?
-101011010000
In base 4, what is 13301 - 2?
13233
In base 16, what is -76 - 4?
-7a
In base 4, what is -10302 - -10?
-10232
In base 6, what is -2521 - -2?
-2515
In base 14, what is 15 - -17?
2c
In base 6, what is -2 - 51?
-53
In base 15, what is 1d + 4a?
68
In base 14, what is 398 - -7?
3a1
In base 13, what is 5 + 1a4?
1a9
In base 9, what is 4 - 23?
-18
In base 15, what is 5 - -58?
5d
In base 4, what is 11 + -331?
-320
In base 5, what is -20404 + -1?
-20410
In base 9, what is -135 - 0?
-135
In base 8, what is 10256 - -2?
10260
In base 11, what is -464 + -1?
-465
In base 6, what is -1 + -12114?
-12115
In base 4, what is -13 + 111202?
111123
In base 11, what is 5 - -2?
7
In base 9, what is -1 + 51?
50
In base 16, what is 25 + -15?
10
In base 16, what is -6f + -c?
-7b
In base 11, what is 2 + 62?
64
In base 8, what is 40 - 6?
32
In base 6, what is -43 + 2?
-41
In base 5, what is 20300 - 0?
20300
In base 7, what is 10 - 4260?
-4250
In base 14, what is 189 - -3?
18c
In base 13, what is -2c2c + -4?
-2c33
In base 7, what is -1031 + 6?
-1022
In base 13, what is 1201 - 1?
1200
In base 11, what is 424a - 0?
424a
In base 16, what is -1ab3 + 4?
-1aaf
In base 16, what is -6 + -3?
-9
In base 7, what is -4 - -62?
55
In base 9, what is -1 - 4108?
-4110
In base 9, what is 424 + 4?
428
In base 8, what is -4 - 327?
-333
In base 4, what is 3 - 202?
-133
In base 14, what is -59 + -52?
-ab
In base 9, what is 3258 - 3?
3255
In base 12, what is 10 - -2a?
3a
In base 9, what is 4 - -62?
66
In base 6, what is -5 - 31544?
-31553
In base 15, what is -3 + -12?
-15
In base 5, what is 0 + -210?
-210
In base 8, what is 5 + 1116?
1123
In base 7, what is 2240 + 1?
2241
In base 2, what is -101011 - 1101000101?
-1101110000
In base 11, what is -2587 + -2?
-2589
In base 6, what is -11 - -112?
101
In base 4, what is -3232 - 11?
-3303
In base 4, what is 10 - 112?
-102
In base 7, what is 65 - 101?
-3
In base 15, what is -8 + 34?
2b
In base 16, what is 2 - 457?
-455
In base 11, what is -88 + -5?
-92
In base 2, what is 1010010001 - -10?
1010010011
In base 10, what is 351 - 4?
347
In base 7, what is 5 + 1002?
1010
In base 14, what is 1469 + -2?
1467
In base 16, what is 4 - 14?
-10
In base 6, what is 14004 - -2?
14010
In base 11, what is 4 + 1819?
1822
In base 3, what is -201 - -20?
-111
In base 11, what is 3591 - 3?
3589
In base 14, what is -8 + -47?
-51
In base 7, what is 2 - 51?
-46
In base 7, what is 4 + -52?
-45
In base 2, what is -100001111 + 1?
-100001110
In base 13, what is -257 - 14?
-26b
In base 10, what is -36 - -34?
-2
In base 16, what is -5 - 74?
-79
In base 16, what is 8 + 181?
189
In base 5, what is 1223 - 2?
1221
In base 13, what is 0 + -2c?
-2c
In base 8, what is 7 - -42?
51
In base 7, what is 211 - 5?
203
In base 10, what is -4 + 141?
137
In base 4, what is -10310 - -3?
-10301
In base 10, what is 125 - -12?
137
In base 16, what is -8 + -8df?
-8e7
In base 15, what is 4 + 2c?
31
In base 8, what is 5116 + -4?
5112
In base 9, what is 1 + -613?
-612
In base 9, what is -353 - 2?
-355
In base 15, what is -30c - -2?
-30a
In base 6, what is -22 + -435?
-501
In base 12, what is -7 + 81?
76
In base 15, what is 4 + -12?
-d
In base 14, what is -2b01 - 0?
-2b01
In base 8, what is -431 - 11?
-442
In base 3, what is -1222 - -110?
-1112
In base 2, what is 11 + -110111?
-110100
In base 4, what is 3 - 2003?
-2000
In base 15, what is 3 - 79?
-76
In base 12, what is -a - -661?
653
In base 14, what is -229a + -4?
-22a0
In base 10, what is -237 + -48?
-285
In base 4, what is -103131 + 0?
-103131
In base 10, what is -1 + 82?
81
In base 14, what is -261 - 5?
-266
In base 15, what is -123 - 1?
-124
In base 6, what is -432 + -5?
-441
In base 4, what is -113 - 10?
-123
In base 7, what is 5 + 13?
21
In base 16, what is 1bd + -4?
1b9
In base 12, what is -408 + -4?
-410
In base 2, what is -11011101 - -10?
-11011011
In base 6, what is -424 - 145?
-1013
In base 7, what is 30 + 120?
150
In base 13, what is 9 - 1c2?
-1b6
In base 2, what is 1 + 10010?
10011
In base 14, what is 3 - 23a?
-237
In base 15, what is 2 - -194?
196
In base 3, what is -201111100 + -2?
-201111102
In base 7, what is 32213 - 3?
32210
In base 6, what is -5 + -130?
-135
In base 5, what is -4 - -33?
24
In base 4, what is 2130 + 31?
2221
In base 3, what is -2002 - -2?
-2000
In base 4, what is -1 - 32311?
-32312
In base 8, what is 23 + -4?
17
In base 15, what is 47 + b4?
10b
In base 12, what is -34 - -1?
-33
In base 6, what is 1205 + 13?
1222
In base 11, what is -7a91 + -3?
-7a94
In base 6, what is -3 + 12142?
12135
In base 4, what is 11 - 210?
-133
In base 11, what is -4 + a32?
a29
In base 14, what is a - 5?
5
In base 8, what is 146 + 30?
176
In base 6, what is 131132 + 1?
131133
In base 10, what is -166 + 9?
-157
In base 4, what is -1 + 100313?
100312
In base 9, what is 3 - -17?
21
In base 11, what is 409 + -1?
408
In base 2, what is 1 + 1101010110?
1101010111
In base 7, what is -10 + 110?
100
In base 5, what is 2 - -1434?
1441
In base 2, what is 1000001 - -111111?
10000000
In base 9, what is -4 - -18?
14
In base 14, what is 254 - 4?
250
In base 9, what is 1 + 12?
13
In base 2, what is 10101110011001 - 101?
10101110010100
In base 9, what is 308 + -7?
301
In base 9, what is -1 - -4585?
4584
In base 11, what is 5 - 8?
-3
In base 12, what is 55a0 + -3?
5599
In base 3, what is -1202001 + -1?
-1202002
In base 11, what is 3 - -93?
96
In base 16, what is 0 - 840?
-840
In base 12, what is 4 + 251?
255
In base 4, what is 11021 - -2?
11023
In base 14, what is -3 - 3c?
-41
In base 12, what is -a4 - 3?
-a7
In base 15, what is -5 - -64?
5e
In base 8, what is 4 - 2004?
-2000
In base 11, what is -217 - 5?
-221
In base 9, what is 10 + -260?
-250
In base 15, what is b - -83?
8e
In base 16, what is -2d - -2?
-2b
In base 14, what is 5 - 103?
-dc
In base 8, what is -54 - -12?
-42
In base 10, what